{"id":548,"date":"2017-01-16T21:00:24","date_gmt":"2017-01-16T20:00:24","guid":{"rendered":"http:\/\/kinderkrippe-bebra.de\/?page_id=548"},"modified":"2023-01-06T11:10:53","modified_gmt":"2023-01-06T10:10:53","slug":"werte-und-ziele","status":"publish","type":"page","link":"https:\/\/kinderkrippe-bebra.de\/?page_id=548","title":{"rendered":"Werte und Ziele"},"content":{"rendered":"<h2>Werte und Ziele<\/h2>\n<div class=\"page\" title=\"Page 13\">\n<div class=\"layoutArea\">\n<div class=\"column\">\n<p>Folgende Werte und Ziele sind gemeinsam von dem Tr\u00e4ger, den Eltern und den Mitarbeiterinnen erarbeitet worden:<\/p>\n<p>\u27a2 &nbsp;Den Eltern und Kindern Vertrauen schenken<br \/>\n\u27a2 &nbsp;Rituale und Wiederholungen bieten Kindern Sicherheit und Orientierung<br \/>\n\u27a2 &nbsp;Geregelten Tagesablauf anbieten<br \/>\n\u27a2 &nbsp;Famili\u00e4re Atmosph\u00e4re schaffen<br \/>\n\u27a2 &nbsp;Kinder altersgem\u00e4\u00df in ihrer Entwicklung f\u00f6rdern<br \/>\n\u27a2 &nbsp;Auf die individuellen Bed\u00fcrfnisse der Kinder angemessen eingehen<br \/>\n\u27a2 &nbsp;Feste Bezugspersonen bieten<br \/>\n\u27a2 &nbsp;Den Kindern Zeit geben<br \/>\n\u27a2 &nbsp;Christliche Werte erlebbar machen:<br \/>\n&nbsp; &nbsp; &nbsp; &nbsp;\u2022 Respektvoller und liebevoller Umgang<br \/>\n&nbsp; &nbsp; &nbsp; &nbsp;\u2022 Geborgenheit<br \/>\n&nbsp; &nbsp; &nbsp; &nbsp;\u2022 Wertsch\u00e4tzung und Achtsamkeit entgegenbringen<br \/>\n\u27a2 &nbsp;Traditionen pflegen\/aneignen<br \/>\n\u27a2 &nbsp;Kreativit\u00e4t f\u00f6rdern<br \/>\n\u27a2 &nbsp;Wahrnehmung f\u00f6rdern<br \/>\n\u27a2 &nbsp;Neugier, Interesse wecken und f\u00f6rdern<br \/>\n\u27a2 &nbsp;Sprachf\u00f6rderung gew\u00e4hrleisten<br \/>\n\u27a2 &nbsp;Zuverl\u00e4ssigkeit vorleben und f\u00f6rdern<br \/>\n\u27a2 &nbsp;Kindern Grenzen setzen<br \/>\n\u27a2 &nbsp;Sozialverhalten der Kinder f\u00f6rdern, u.a.:<br \/>\n&nbsp; &nbsp; &nbsp; \u2022 Gemeinschaft erleben<br \/>\n&nbsp; &nbsp; &nbsp; \u2022 Sozialkompetenzen erwerben<br \/>\n&nbsp; &nbsp; &nbsp; \u2022 Lernen zu teilen<br \/>\n&nbsp; &nbsp; &nbsp; \u2022 Sozialer Umgang mit anderen Kindern<br \/>\n\u27a2 &nbsp;Kinder lernen, sich in einer Gruppe zu integrieren und selbst zu agieren Bewegungsdrang ausleben lassen<br \/>\n\u27a2 &nbsp;Selbst\u00e4ndigkeit und Selbstbewusstsein f\u00f6rdern<br \/>\n\u27a2 &nbsp;Selbstwertgef\u00fchl f\u00f6rdern<br \/>\n\u27a2 &nbsp;Gesunde Lebensweise f\u00f6rdern<br \/>\n\u27a2 &nbsp;Betreuungszeit f\u00fcr Voll- und Teilzeit anbieten<br \/>\n\u27a2 Flexibilit\u00e4t in der Betreuung erm\u00f6glichen<br \/>\n\u27a2 Elternarbeit, Elternbildung:<br \/>\n&nbsp; &nbsp; &nbsp; \u2022 Offenes Ohr f\u00fcr die Eltern<br \/>\n&nbsp; &nbsp; &nbsp; \u2022 Intensive Zusammenarbeit mit den Eltern<br \/>\n\u27a2 Hygieneerziehung:<br \/>\n&nbsp; &nbsp; &nbsp; \u2022 K\u00f6rperpflege<br \/>\n&nbsp; &nbsp; &nbsp; \u2022 Sauberkeitserziehung<br \/>\n\u27a2 P\u00e4dagogische Kompetenz der Mitarbeiter:<br \/>\n&nbsp; &nbsp; &nbsp; \u2022 Regelm\u00e4\u00dfige Fort- und Weiterbildungen<br \/>\n&nbsp; &nbsp; &nbsp; \u2022 Teamsupervision in regelm\u00e4\u00dfigen Abst\u00e4nden<br \/>\n&nbsp; &nbsp; &nbsp; \u2022 \u00dcberg\u00e4nge von der Kinderkrippe zum Kindergarten individuell und&nbsp;kindgerecht erm\u00f6glichen<\/p>\n<p>&nbsp;<\/p>\n<p>&nbsp;<\/p>\n<\/div>\n<\/div>\n<\/div>\n","protected":false},"excerpt":{"rendered":"<p>Werte und Ziele Folgende Werte und Ziele sind gemeinsam von dem Tr\u00e4ger, den Eltern und den Mitarbeiterinnen erarbeitet worden: \u27a2 &nbsp;Den Eltern und Kindern Vertrauen schenken \u27a2 &nbsp;Rituale und Wiederholungen bieten Kindern Sicherheit und Orientierung \u27a2 &nbsp;Geregelten Tagesablauf anbieten \u27a2<\/p>\n","protected":false},"author":1,"featured_media":0,"parent":206,"menu_order":2,"comment_status":"closed","ping_status":"closed","template":"","meta":{"ngg_post_thumbnail":0,"footnotes":""},"class_list":["post-548","page","type-page","status-publish","hentry"],"_links":{"self":[{"href":"https:\/\/kinderkrippe-bebra.de\/index.php?rest_route=\/wp\/v2\/pages\/548","targetHints":{"allow":["GET"]}}],"collection":[{"href":"https:\/\/kinderkrippe-bebra.de\/index.php?rest_route=\/wp\/v2\/pages"}],"about":[{"href":"https:\/\/kinderkrippe-bebra.de\/index.php?rest_route=\/wp\/v2\/types\/page"}],"author":[{"embeddable":true,"href":"https:\/\/kinderkrippe-bebra.de\/index.php?rest_route=\/wp\/v2\/users\/1"}],"replies":[{"embeddable":true,"href":"https:\/\/kinderkrippe-bebra.de\/index.php?rest_route=%2Fwp%2Fv2%2Fcomments&post=548"}],"version-history":[{"count":4,"href":"https:\/\/kinderkrippe-bebra.de\/index.php?rest_route=\/wp\/v2\/pages\/548\/revisions"}],"predecessor-version":[{"id":876,"href":"https:\/\/kinderkrippe-bebra.de\/index.php?rest_route=\/wp\/v2\/pages\/548\/revisions\/876"}],"up":[{"embeddable":true,"href":"https:\/\/kinderkrippe-bebra.de\/index.php?rest_route=\/wp\/v2\/pages\/206"}],"wp:attachment":[{"href":"https:\/\/kinderkrippe-bebra.de\/index.php?rest_route=%2Fwp%2Fv2%2Fmedia&parent=548"}],"curies":[{"name":"wp","href":"https:\/\/api.w.org\/{rel}","templated":true}]}}